-9
Let z(b) = -2*b**2 + 2*b - 1. Let a(o) = -5*o - 53. Let k be a(-11). Calculate z(k).
-5
Let h be 1 + (-1)/((-1)/3). Let d be 54/8 - (-1)/h. Let s(l) = 2*l - 7. What is s(d)?
7
Let w be 4/(-4)*1*-5. Let t = 10 - w. Let j(a) = a**2 - 4*a - 2. Determine j(t).
3
Let c(n) = -12*n + 1. Suppose -2*l = -4*f + 14, -3*l + 4*f - 26 = -11. What is c(l)?
13
Let u(z) = -z**3 + 7*z**2 - 5*z - 3. Let j be (-1*9/(-2))/(72/96). Calculate u(j).
3
Let l(c) be the third derivative of c**6/120 - c**5/60 - 7*c**2. Let f(n) = -n + 10. Let d be f(8). Let k be (-1)/1*d + 3. Determine l(k).
0
Let l be (-2)/(-1) - (1/(-120) - -2). Let h(x) be the third derivative of 0*x + 1/20*x**5 + 1/8*x**4 - x**2 + 1/2*x**3 + 0 + l*x**6. Give h(-2).
1
Suppose b = 6*b - 15. Suppose 0 = z + 1 - b. Let k(g) = -2*g**z - g**2 - g**2 - 4*g**2. Give k(-1).
-8
Let l(a) be the first derivative of -5*a**2/2 - 5*a - 3. Let f(u) = 4*u + 5. Let s(w) = -6*f(w) - 5*l(w). Determine s(-4).
-9
Let t(g) be the third derivative of -g**7/5040 + g**6/360 - g**5/30 - 3*g**2. Let f(o) be the third derivative of t(o). Give f(3).
-1
Let l(o) = -3 - 4*o**2 + 5*o**3 + 3*o - 3*o**3 + 2. Determine l(2).
5
Let r(f) = -2*f - 4. Suppose 0 = 2*h - 3*h, 72 = -4*y + 4*h. Let c be (y/(-24))/(2/(-8)). What is r(c)?
2
Let m(i) = -2*i. Let x be m(1). Let c(f) = -3*f**2 - 2*f + 1. Let d(v) = -2*v**2 - v + 1. Let u(p) = -5*c(p) + 8*d(p). Give u(x).
-5
Suppose 2*l = 4*p - 10, 2*p + 2*p + 4*l - 40 = 0. Let d(s) = 2*s - 5*s + 2*s + 10. Let k(a) = -1. Let g(i) = -d(i) - 3*k(i). Give g(p).
-2
Let m(n) = n**2 - 8*n - 5. Let x(r) = -2*r**3 - 4*r**2 + 4*r + 3. Let q be x(-3). Give m(q).
4
Let v(b) = -9*b + 7. Let p(s) = -s + 1. Let x(d) = 4*d + 1. Let c be x(-1). Let r(g) = c*v(g) + 24*p(g). Give r(-2).
-3
Let v(x) = -x + 8. Let o be v(5). Suppose 0 = -o*d + 7*d - 4. Let g(k) = 3*k + 9*k - 3*k. Calculate g(d).
9
Let d(m) = -5*m. Let i be d(-1). Suppose i*n = 2*t - 0*t - 22, -5*n - 25 = -5*t. Let a(o) = o**2 + 3*o - 6 - 3 + 4. Calculate a(n).
-1
Let v(x) = -x - 5. Let k be v(-5). Let f = k + 1. Suppose 2*c + 3 = -f. Let l(d) = 3*d**2 + 2*d - 2. Give l(c).
6
Let h(w) = -w**3 - w**2 + 2*w + 1. Let b be h(-2). Let t be (2 - b) + 2/2. Let u(m) = -7 + 6 + m + t. Calculate u(3).
4
Let w be (2/3)/((-2)/6). Let y(z) be the third derivative of 0 + 0*z - 1/2*z**3 - 4*z**2 - 5/24*z**4. Determine y(w).
7
Let x(u) be the third derivative of -u**6/720 + u**5/24 + u**4/24 - u**2. Let k(v) be the second derivative of x(v). Let c = 57 - 57. Calculate k(c).
5
Suppose -3*p = -7*p - 2*d + 14, -1 = -2*p + d. Let a(i) be the second derivative of 3*i + 0 + 3*i**p - 5/6*i**3 - 1/12*i**4. What is a(-6)?
0
Suppose -5 = n + 5*f, -4*n - 2*f + 105 = 35. Suppose -3*s - 2*s = -n. Let p(r) = 0 - 7*r - 3*r**2 - 2*r**3 + 6 + 3*r**3 - 1. Give p(s).
-7
Let f(c) = -c**3 + c**2 - 1. Let v(t) = 4*t**3 - 8*t**2 + 7*t + 5. Let g(q) = 5*f(q) + v(q). Determine g(-5).
15
Suppose -20 = -5*i - 5*l, -4*i + 0*l + 16 = 2*l. Suppose 0 = -4*z + 4*a + 4, i*a + 13 = -3*z + 3*a. Let d = z + 4. Let m(h) = 4*h**2 + h - 1. What is m(d)?
4
Let y be 5 - (4 - 3) - 3. Let r(m) = 3*m + 1. Determine r(y).
4
Suppose 0 = -2*a - 4*r + 13 - 1, -5*r = 4*a - 18. Let w = 6 - a. Let k(x) = x**3 - 3*x**2 - 2*x - 2. Calculate k(w).
6
Let v = -3 - -6. Suppose 0 = -3*k + 3*x + 6, 5*x = -v*k + 10 + 4. Let h(f) = -k + f**3 + 5*f + f**2 + 3*f**2 - 4*f. Calculate h(-4).
-7
Let x(c) = -7*c - 1. Suppose -5*o + 0*o = 5*v - 45, 3*v - 27 = o. Let m be (-3)/v + (-16)/(-12). Give x(m).
-8
Let p(f) = 2 + f - 2. Let v(t) = -t - 1. Let a(b) = 2*b**2 + 4*b + 5. Let i(y) = a(y) + 6*v(y). Let n be i(-1). What is p(n)?
3
Suppose 2*a = 3*a - 4. Let u(i) = -4*i - 2 + 3*i + 4*i**2 - i**3 + 1. Calculate u(a).
-5
Let j be 57/9 - (-6)/9. Let l(r) = -4*r + 3 + r**3 + 4*r**2 - 2 - j*r**2. Determine l(4).
1
Let k(z) = -z**2 + 3*z. Let y be k(3). Let t(o) = 1 - 4*o**2 + 3*o**2 + y*o**2 + 4*o**3 + o. Calculate t(-1).
-5
Let c(n) = 25*n**2 + 0*n**3 + 1 - 6*n - 19*n**2 - n**3. What is c(5)?
-4
Suppose -40 + 15 = -5*w. Suppose 0 = w*u - 4 + 14. Let p(v) be the third derivative of v**6/120 + v**5/15 + v**4/12 - 3*v**2. What is p(u)?
4
Let d = 35 + -36. Let x(g) = -9*g**2 + g + 1. Give x(d).
-9
Let j(i) = i**3 + 9*i**2 + 7*i - 2. Let c be j(-8). Let r(o) = 9 - o + c*o - 3*o. What is r(-6)?
-3
Let d(s) = 5*s - 20. Let b(t) = -2*t + 7. Let h(j) = 11*b(j) + 4*d(j). Let r(m) = -3*m - 7. Let y(n) = -5*h(n) + 3*r(n). What is y(5)?
-1
Suppose 0 = -3*d - d + 20. Let h(p) = -p**3 + 5*p**2 + p - 7. Give h(d).
-2
Let o(y) = 0*y - 1 - y + 2*y - 3*y. Let l(k) = 2*k. Let f(x) = 7*l(x) + 6*o(x). Determine f(4).
2
Let l(z) be the second derivative of z**4/12 - z**3 + z**2/2 - z. Let d(k) = -k**3 + 7*k**2 - 6*k - 2. Let b be d(6). Let w = 2 - b. Determine l(w).
-7
Suppose -h - 3*y + 4*y = 2, 0 = h - 4*y - 7. Let s = h - -5. Suppose s = b - 2*m + 5, -4*m + 3*m - 14 = 5*b. Let w(o) = -o**2 - 3*o - 4. Give w(b).
-4
Let j(p) = p - 1. Let o(r) = 4 + r - 3*r + 0. Let g(i) = -j(i) - o(i). Calculate g(3).
0
Let l = 2 + 0. Let d(x) = -x - l + 3*x + 7. Let y(w) = 7*w + 14. Let f(h) = 11*d(h) - 4*y(h). Determine f(-1).
5
Let w(l) = -14*l + 13. Let n(q) be the second derivative of -7*q**3/6 + 3*q**2 + 2*q. Let k(g) = -13*n(g) + 6*w(g). Suppose 2*u + 0 = -2. Determine k(u).
-7
Let n(g) be the first derivative of g**2/2 - 12*g - 1. What is n(5)?
-7
Suppose 3*q = -5*j - 11, 3*q + 0*j - 17 = 2*j. Let w(g) = 4*g + 2. Determine w(q).
14
Let b(m) = 2*m - 4. Let o(g) = 10*g**2 - 7*g - 5. Let q(v) = -5*v**2 + 4*v + 3. Let s(u) = 3*o(u) + 5*q(u). Let w be s(-1). What is b(w)?
8
Let f be (-4 - -5)/(1/2). Suppose -4*r - 28 = -4*u, -u - 2*r - 5 + 0 = 0. Let k(h) = -2*h - 1. Let v(c) = 4*c + 2. Let y(d) = u*v(d) + 5*k(d). Calculate y(f).
5
Let l(h) be the first derivative of -h**5/60 - h**4/6 - h**3/3 + h**2/2 + 2. Let q(p) be the second derivative of l(p). Let j = -7 - -4. Determine q(j).
1
Let h(i) = -5*i**2 + 5*i + 2 - 8 + 8*i**2 + 3 - i**3. Give h(4).
1
Let i(j) = 2*j + 2. Let y be i(0). Suppose -3*p - 6 + 15 = 0. Let a(t) = -2 + 1 + 0*t - 4*t + t**3 + p*t**y. Calculate a(-4).
-1
Let a(f) = 5*f**3 - 6*f**2 - 6*f + 5. Let h(n) = 6 + 5*n**3 - 3*n**2 - 7*n + n**3 - n**3 - 4*n**2. Let d(m) = -7*a(m) + 6*h(m). Determine d(-1).
6
Let f(l) = -l**2 - 4*l - 3. Let c(y) = -y**2 + 22*y + 72. Let v be c(25). What is f(v)?
0
Let d(b) be the third derivative of -2*b**2 - 5/6*b**3 - 1/12*b**4 + 0 + 0*b. What is d(-5)?
5
Let z be (2 - 1)/(3 + -4). Let y(x) be the third derivative of x**5/60 + 8*x**2. Calculate y(z).
1
Let i(y) be the second derivative of 0 + y**3 - 1/12*y**4 + 5/2*y**2 + 2*y. Calculate i(5).
10
Let r(f) be the third derivative of f**4/24 + f**3/6 - 6*f**2. Calculate r(4).
5
Let r(z) = 6*z**2 + 3*z - 4. Let j(y) = 5*y**2 + 4*y - 4. Let p(t) = 7*j(t) - 6*r(t). Give p(7).
17
Let k = 0 + -6. Let o(i) = i**2 + 7*i - 1. What is o(k)?
-7
Let v = 2 + 0. Suppose -5*u = -6*u - v. Let j(x) = 2*x + 2. Give j(u).
-2
Let h(m) = -m - 4. Let f be h(-5). Let i(z) = z - 1. Let b(g) = g - 3. Let w(r) = b(r) - 2*i(r). What is w(f)?
-2
Let v(j) = -j**2 - j - 6. Let o be v(0). Let a be 2*(-1)/((-6)/9). Let w(b) = b**a + 5*b**2 - 8 + 2 + 0*b - 7*b. Calculate w(o).
0
Let n = -6 - -6. Suppose 0 = 2*f + j - n - 6, 5*j = -f + 12. Let t(s) = -3*s + 2*s + 4 - s**f + 5*s - s. What is t(4)?
0
Let g be (1/(-1) + -2)*-1. Let w = g - 2. Let r(t) = -2*t + 0*t + w - 4*t + 5*t. Give r(0).
1
Suppose 2*o + 7 = 3. Let b be 2/(-4) - o/4. Let d(n) = 1 - n**2 - n + n**3 + b*n + 5*n**2. Calculate d(-4).
5
Suppose f + 0*f - 2 = 0. Let g(q) be the second derivative of -7/2*q**f + 1/3*q**3 + q + 0. Determine g(5).
3
Let x be 2/(-5) + (-23)/5. Let f(k) = k**3 - 193 + 4*k**2 + 195 - 3*k - 2*k. What is f(x)?
2
Let x(d) = d**3 - 6*d - 1. Let c(n) = -n**3 + 5*n + 2. Let u(l) = 6*c(l) + 5*x(l). Suppose 2*r + 2*r = 2*y - 20, -2*y + 2*r + 10 = 0. What is u(y)?
7
Let t(c) = c - 9. Let j = 9 + -11. Let u(y) = -y**2 - 2*y. Let w be u(j). Determine t(w).
-9
Let h(s) be the second derivative of -4*s + 0 + 1/2*s**2 - 1/3*s**3 + 1/12*s**4. Determine h(4).
9
Let t(n) = -3*n + 6. Let g(o) = -3*o + 6. Let k(i) = -2*g(i) + 3*t(i). Calculate k(4).
-6
Let s(g) = -2*g - 3 + 6 + 0 + 0*g. What is s(-6)?
15
Let t = -11 + 16. Let q = t + -4. 